uppose 0 = -3*c - 2*i + 23, -24 = c - 5*c - i. Let h = 3 - c. Let p = h - -6. List the prime factors of p.
2
Suppose m + 15 = 5*g, 2*g - 3 = -4*m + 5*m. Suppose g = -0*h + h. Suppose -n - 16 = -j, 0 = -5*j - 3*n + h*n + 64. List the prime factors of j.
2, 3
Let r(s) = -s**2 + 17*s - 11. What are the prime factors of r(12)?
7
Let y be -2*3 + 0 + 2. Let f be y/(-2)*(-15)/(-2). Let m = f + -9. List the prime factors of m.
2, 3
Suppose 0 = -3*z + 3*s - s + 28, -44 = -5*z + 2*s. Suppose -5*y - 2*l + 3*l = -10, -2*l + z = 4*y. List the prime factors of y.
2
Let k = -5 + 1. Let n = -4 - k. Suppose n*l = 3*l + m - 28, -2*l = -4*m - 28. What are the prime factors of l?
2, 5
Suppose -t - 4*x + 3 = 0, 0 = -3*t - 2*t + 2*x - 29. Let o(m) be the first derivative of -m**3/3 - 3*m**2 + 5*m - 1. What are the prime factors of o(t)?
2, 5
Let q = 114 + -16. List the prime factors of q.
2, 7
Suppose i + 47 = -6. Let y = i - -93. List the prime factors of y.
2, 5
Suppose 2*h - 12 = -4*x - 0*x, 5*x - 13 = -2*h. Suppose 76 = h*j - 2*j. List the prime factors of j.
2, 19
Let z(g) = 2*g + 11. List the prime factors of z(5).
3, 7
Let z(w) = w**3 + 7*w**2 + 4*w - 7. Let h be z(-6). Suppose -h*y + 226 - 11 = 0. What are the prime factors of y?
43
Let v be 2/(-6) - 237/(-9). Suppose -3*b + 25 = -v. List the prime factors of b.
17
Suppose 198 = 5*f + f. Suppose 0*t - 3*t = -15. Suppose -t*c + 2*c + f = 0. What are the prime factors of c?
11
Suppose -5*n + 66 = 2*w - 10, n = 5*w - 163. List the prime factors of w.
3, 11
Suppose 0*u + 2*u + 6 = -3*m, -3*u + 2*m + 17 = 0. Suppose -z + 35 = u. List the prime factors of z.
2
Let k = 143 + -85. Suppose -3*t = 3*n - 129, -3*t - k = -4*n + 86. What are the prime factors of n?
3, 13
Let i = -26 - -46. Suppose -2*r - 2*j = -i, -3*r + 2*r + 11 = 2*j. What are the prime factors of r?
3
Let z(k) = -k + 7. Let m be z(0). Let b(p) = 4*p - 7. Let c be b(m). What are the prime factors of 225/c + 6/21?
11
Suppose -3*q = 2*p - p - 4, 5*p - 9 = -4*q. Let a be (5/(-5))/(p/(-4)). Suppose -3 + 37 = 3*v + a*d, 16 = 2*v - 4*d. What are the prime factors of v?
2, 5
List the prime factors of (1 - -1)*93/6.
31
What are the prime factors of (-6)/(-3)*(-219)/(-6)?
73
Suppose -c = 2*w - 9, -5*w - 4*c = -25 - 2. Suppose y + 4*t = 15 - 47, w*y + 4*t + 80 = 0. List the prime factors of y*((-2)/(-4) + -1).
2, 3
Let v = 11 + -7. Suppose 7 = b + 5*q, 0 = -b + 2*q - 4*q + v. Suppose -12 + b = -2*k - 3*t, 0 = -2*t - 4. What are the prime factors of k?
2
Let c be 4/3*15/2. Let t be 2/(-5) - (-64)/c. Suppose -b - t*a - 12 = -a, 4*b = a + 15. List the prime factors of b.
3
Let d = -58 + 124. List the prime factors of d.
2, 3, 11
Let x = -54 - -78. What are the prime factors of x*6/9 - 2?
2, 7
Let q(j) be the third derivative of j**6/120 - 2*j**5/15 - 7*j**4/24 - j**3/3 - 4*j**2. List the prime factors of q(9).
2
Let s(h) = -h + 3. Let o be s(-9). Let n be o/(-9)*9/(-6). Suppose 4*v = -3*j + 30 + 5, n*j = 2*v - 14. What are the prime factors of v?
2
Let z(a) = a**2 + 9*a - 14. What are the prime factors of z(9)?
2, 37
Suppose -4*s - s = 3*f - 67, 0 = 4*f + 5*s - 91. Suppose 2*g = -0*g + f. Let c = -2 + g. List the prime factors of c.
2, 5
Let m = 53 + 120. List the prime factors of m.
173
Let b = 152 - 100. List the prime factors of b.
2, 13
Let q(c) = c**2 - c - 7. List the prime factors of q(-3).
5
Let z(w) = w**2 - 15. List the prime factors of z(-8).
7
Let p = 15 - 11. Let v(k) = 4 - 4*k + 2*k - 2*k + k**2. List the prime factors of v(p).
2
Let k(a) = -12*a - 11. List the prime factors of k(-9).
97
Let j = 1 + 0. Let r be j/(1/(-2) + 1). Suppose 0 = -3*s - r*p - 2*p + 39, 3*s - 36 = -3*p. What are the prime factors of s?
3
Suppose 2*d - d = -36. What are the prime factors of (d/(-3))/(2/4)?
2, 3
Let q(r) = r**3 + 4*r + 4*r**2 + r**2 + 7 + r**2 + 2*r. What are the prime factors of q(-5)?
2
Let w(l) = -3*l + 3. Let v be w(3). What are the prime factors of (-3)/((-27)/v)*-3?
2
Let c be (1*-9)/(-1) - 1. Let u = -9 - -7. Let b = c + u. What are the prime factors of b?
2, 3
Suppose 14 = 4*w - 162. List the prime factors of w.
2, 11
Suppose x - 12 - 51 = 0. List the prime factors of x.
3, 7
Let d = 7 + -6. Suppose -2*v = -d + 11, 2*v = -4*m + 30. What are the prime factors of m?
2, 5
Let y = 56 + 2. List the prime factors of y.
2, 29
Let t = 26 - -5. Suppose -3*p + 4*p - t = 2*b, 5*p = b + 182. List the prime factors of p.
37
Let u be 0 - 0/(0 - -3). Suppose u = -5*c + 86 + 69. What are the prime factors of c?
31
Suppose 5*j - 3*k = 6 + 22, -5*j + 24 = k. Suppose -j - 1 = 2*w. Let d = 6 + w. What are the prime factors of d?
3
Let a(t) = -t**3 + 12*t**2 - 9*t - 1. Let k be a(11). Suppose -4*i + 3*i = -k. List the prime factors of i.
3, 7
What are the prime factors of 39/(-13) - (0 + -144)?
3, 47
Suppose 5 + 3 = 2*h. Suppose -28 = -2*s + h*m, s = -0*s + 4*m + 22. What are the prime factors of s?
2, 3
Suppose 3*x = 3*m + 127 + 71, -3*x - 3*m + 168 = 0. List the prime factors of x.
61
Let d be (-2)/(9/5 - 2). Suppose 0 = -5*f - 3*y + 8*y + d, 20 = 4*f + 2*y. List the prime factors of f.
2
Let r(f) = -2*f**2 + 13*f**2 - 1 + 6*f**2 - f + 11*f**2. What are the prime factors of r(-1)?
2, 7
Let g(x) = x**2 + x - 1. Let j(p) = 7*p**2 - 6*p + 3. Let c(l) = 4*g(l) + j(l). What are the prime factors of c(-1)?
2, 3
Let g(b) = b**3 + 8*b**2 + b - 5. Let c be g(-8). Let z = c - -24. What are the prime factors of z?
11
Suppose 5*t = 13 + 7. Let y be 2 - 1 - (t + -4). Suppose 3*u - 25 = -y. What are the prime factors of u?
2
Let y(g) = g**3 + 15*g**2 + 27*g - 1. List the prime factors of y(-12).
107
Let k be (1*4)/(2/(-4)). Let x = 12 + k. Suppose 0*r = -5*w - 2*r + 35, -35 = -3*w - x*r. What are the prime factors of w?
5
Let q(w) = 175*w**2. List the prime factors of q(-1).
5, 7
Let w(z) = 22*z - 4. Let u be w(5). Let k be (-2)/8 + u/8. List the prime factors of (k/(-2) - -2)*-2.
3
Let f(l) = l**3 - 4*l**3 - l**2 + 3*l + 2*l**3 - 4 + 0*l**3. Let v be f(-3). Suppose 0 = 3*i + v*g - 71, 2*g = -2*i + 3*g + 30. What are the prime factors of i?
17
Let q(u) = 2*u**3 + 9*u**2 + 2*u + 2. What are the prime factors of q(-4)?
2, 5
Let m = 3 + -3. Let f be (m - 1/(-1))*4. Suppose 0 = f*n - 5 - 15. What are the prime factors of n?
5
Suppose 2*l + 2 = l. Let h be (l/4)/((-1)/8). Suppose -4*q + h = -2*q. What are the prime factors of q?
2
Suppose g - 2*t - 22 = 0, -29 = -2*g + 5*t + 17. Suppose 4 = 5*j + 19, 2*j = -3*z + g. What are the prime factors of z?
2
Suppose -2*j + 4*j + 636 = 4*o, -5*o + 3*j + 794 = 0. Suppose 4*f + 8 - o = 0. What are the prime factors of f?
2, 19
Suppose 12*n = 1173 + 1935. What are the prime factors of n?
7, 37
Let y be (-4)/(-36)*3*21. Suppose 5*i - 2*n = 69 + y, 2*i - 38 = -3*n. List the prime factors of i.
2
Let n be (-4)/(-18) + 96/54. Suppose -5*l = -5*z + 190, 3*l = n*l - 5. What are the prime factors of z?
3, 11
Suppose -10*a + 9*a = 12. Let x = 19 + a. List the prime factors of x.
7
Let q(y) = 4*y**2 + 1. Suppose -5*j = 2*p - 22, -6*j + 28 = -2*j - p. Suppose -c - c - 6 = -3*g, -3*g + 3*c + j = 0. List the prime factors of q(g).
17
Suppose y = -15*y + 1632. What are the prime factors of y?
2, 3, 17
Let b be -3 + 6 + 3 + -3. Suppose -w = -b*w + 8. List the prime factors of w.
2
Suppose 22 + 3 = f. List the prime factors of f.
5
Suppose 60 = 5*v + 5*m, -5*m = -4*v - v + 90. List the prime factors of 5/v + 77/3.
2, 13
Let n(u) = u**2 - 12*u - 8. Let l be n(13). Let p = l + -3. What are the prime factors of p?
2
Suppose 3*a - 4*y - 143 = 0, -3*a + 2*y = 4*y - 167. What are the prime factors of a?
53
Let l = 50 + -10. What are the prime factors of l?
2, 5
Let u be (-2)/7 + 6/21. Suppose 5*n + 2*x - 8 = 0, -n + u*x = 3*x - 12. Suppose -12 - 13 = -5*j - a, n = -5*a. What are the prime factors of j?
5
Suppose 5*g + 0*n - 30 = 5*n, 30 = 5*g - 3*n. List the prime factors of g.
2, 3
Let j(l) = -l**3 - 5*l**2 - l + 7. Suppose 0 = -d + 3*d + 4. Let z be 5/(2/d - 0). What are the prime factors of j(z)?
2, 3
Let q = 2 + 3. Let m be -3 + 3 - (2 - 2). Suppose m = q*s + 3*b + 2*b - 75, -93 = -5*s + 4*b. What are the prime factors of s?
17
Let x(o) = 4*o - 9. Let a be x(4). Let w(g) = g**2 - 3*g - 3. Let h be w(3). Let q = h + a. List the prime factors of q.
2
Suppose 12 + 13